= f. List the prime factors of w.
2, 37
Let f = 139 + -62. Let j = f + -45. What are the prime factors of j?
2
Let w be (-557)/(-4) - -1*(-3)/(-4). List the prime factors of (1 - (-2)/4)/(5/w).
2, 3, 7
Let o be 1*(3 - 6) - -15. Let i be (-4)/(1 + 5/(-4)). Let p = i - o. List the prime factors of p.
2
Let t(d) = -d**3 - d**2 - d + 1162. What are the prime factors of t(0)?
2, 7, 83
Let g(c) = 11*c**3 + c**2 - 9*c - 4. List the prime factors of g(4).
2, 5, 17
Let p be (4 - (5 + -3)) + 1 + -1. Suppose -3*h = 2*h - 800. Suppose -p*f = 2*f - h. List the prime factors of f.
2, 5
Let c(h) = h**2 - 3*h + 5. Let k be c(3). List the prime factors of 44 - ((-10)/k)/(-2).
43
What are the prime factors of (1 - -184)*(10 - (-138)/(-15))?
2, 37
Suppose 0 = -2*d - 2*d + 4*r + 7600, 0 = 2*d + 3*r - 3780. What are the prime factors of d?
2, 3, 79
What are the prime factors of 6 + -1 - (-28 - 199)?
2, 29
Let p(t) = 2*t**2 - 5*t + 3. Let c be p(3). Let g(b) = 10*b - 10. List the prime factors of g(c).
2, 5
Let k(x) = -x**3 - 6*x**2 - 7*x - 5. Let g be ((-5)/(-3))/((-5)/15). Let a be k(g). Suppose 0 = 3*l + a*h - 135, -4*h = l - 6 - 39. List the prime factors of l.
3, 5
Let x(q) = q**3 + 8*q**2 - 2*q - 11. Let z be x(-8). Let h = z + 1. Suppose h*j - 4*j = 34. List the prime factors of j.
17
Let l(x) be the third derivative of -x**4/12 + 5*x**3/3 - 8*x**2. Let f be l(6). What are the prime factors of (58/6)/(f/(-6))?
29
Let m(g) = g**2 + 7*g - 15. Let z = 28 + -22. What are the prime factors of m(z)?
3, 7
Let f = 9 + -10. What are the prime factors of 536/8 + (-1 - f)?
67
Let c = -374 - -841. List the prime factors of c.
467
Let a be (0/(-2))/((-3)/3*2). Let o = 63 - 27. Suppose 2*f - o - 22 = a. What are the prime factors of f?
29
Let q(s) = s + 1. Let v be q(3). Suppose -4*o = -6*o - 2*l + 262, -8 = -v*l. What are the prime factors of o?
3, 43
Suppose 5*q - 17 - 5 = 3*m, 0 = -3*q - 2*m - 2. Suppose 4*l + j - 45 = -q*j, -2*j + 15 = l. What are the prime factors of l?
3
Let f(y) = 2*y**3 - 11*y**2 - 49*y + 9. What are the prime factors of f(13)?
1907
Let z(r) = 1327*r**2 + 9*r + 10. List the prime factors of z(-2).
2, 5, 53
Let u(v) = -v**3 - 7*v**2 + 12*v + 3. Let g be 145/25 - (-12)/(-15). Suppose g*m = 5*t - 60, 2*m = 3*t - 2*t - 21. What are the prime factors of u(m)?
3, 19
Let f(b) = 3*b**3 + 18*b**2 - 20*b + 12. List the prime factors of f(7).
1783
Let a be (-2)/6*(-8 + -1) + 60. Let d = a - -20. List the prime factors of d.
83
Let d be 0*(3/6)/(-1). Suppose d = 2*k - y - 14, -3*k - 2 = -y - 24. Suppose -k*l + 10*l = 6. List the prime factors of l.
3
Let i(n) = -20 + 15*n - 16 + 5 + n - n**2. What are the prime factors of i(9)?
2
Suppose 3*i + 5*k = 159, 6*k - 2*k - 104 = -2*i. Suppose -274 + i = -9*v. List the prime factors of v.
2, 3
Let d = 58 - 41. Suppose 0 = -2*k + 4*v - 1 - d, -3*v = -4*k - 11. What are the prime factors of (56/21)/(k/3)?
2
Suppose 2*z = 4*z. Suppose -f - j + 0*j = z, -5*f = j + 8. What are the prime factors of 16/10*(-45)/f?
2, 3
Let p(z) = z - 3 - 10 + 8*z - 6. Let i be p(8). Suppose -i = -3*x + 4*j, -2*j - 87 = -5*x - 8. List the prime factors of x.
3, 5
Let o(c) = -c - 19. Let w be o(-8). Let d = -9 - w. List the prime factors of (-16)/(-2*d) - -1.
5
Let a = 319 - -108. Let w(n) = -3*n - 6. Let k be w(-4). List the prime factors of (-3)/18 + a/k.
71
Let o(h) = -h**3 + 15*h**2 - 19*h + 138. What are the prime factors of o(12)?
2, 3, 19
List the prime factors of 9700/45 - 8/(-18).
2, 3
Suppose 0*h = -17*h + 16524. List the prime factors of h.
2, 3
Let q = 2685 - 4491. List the prime factors of 2/(-6) - q/18.
2, 5
Let d be 9 + -4 + 0 + 0. Suppose 3*k = -4*p + 13 + d, k = 2. List the prime factors of -5*(p - 252/20).
2, 3
Suppose 4*z - m - 3103 = 3420, 5*z - 8157 = -2*m. List the prime factors of z.
7, 233
Let h be ((-2)/(-3))/(1/12). Let w be 547/h + 9/(-24). Suppose 0 = -y - 0*y - 2*g + w, 0 = 5*y - 2*g - 376. List the prime factors of y.
2, 37
Let l be 30/(-20)*(-884)/6. Let v = l - 101. Suppose 2*q = 5*q - v. List the prime factors of q.
2, 5
Let a be 5/3 + (-1)/(-3). Suppose -4*k - 329 = -3*n, -2*n - a*k = -n - 103. What are the prime factors of n?
107
Let p = -2 - -77. Suppose q = -4*q + p. List the prime factors of q.
3, 5
Let i = -20 - -118. List the prime factors of i/(-8)*(3 + 2 + -13).
2, 7
Let z = -50 - -23. Let q = 68 + z. List the prime factors of q.
41
Let b be (15/20)/((-2)/40). Let h = 15 + b. List the prime factors of -2*(2 + h - 17).
2, 3, 5
Let u = -36 - -36. Suppose u = o - 3 - 77. List the prime factors of o.
2, 5
Suppose -4*g + 68 = -2*u, -8*g + 3*g + u + 79 = 0. Suppose -g = -5*a, -3*n - 4*a - 20 = -4*n. What are the prime factors of n?
2
Suppose 0 = -13*y + 17*y + 320. Let h be (-6)/(-4)*y/(-15). Let m(g) = 5*g - 11. What are the prime factors of m(h)?
29
Let m = 189 + -119. What are the prime factors of m?
2, 5, 7
Let i(y) = -y**3 - 4*y**2 + 17*y + 8. What are the prime factors of i(-7)?
2, 3
Suppose -4*c = 4, -66*u + 69*u - c = 850. List the prime factors of u.
283
Let x = 65 + -37. Let l = 26 - x. List the prime factors of 28 - (-5 - l) - -3.
2, 17
Let v = 26 + -4. Suppose 5*m = -v + 72. Suppose -f + m = -11. What are the prime factors of f?
3, 7
Suppose -3*r - p = -13, 4*p - 33 = -r - 14. Suppose -4*s - 5*l + 291 = 0, -r*l - 2*l - 192 = -3*s. List the prime factors of s.
3, 23
Suppose 5*b + 2*p + 43 = -p, -b = 5*p + 13. Let r(l) = l**3 + 11*l**2 + 10*l - 6. List the prime factors of r(b).
2, 53
What are the prime factors of 60*(30/(-14))/(2/(-7))?
2, 3, 5
Let h(n) = n - 5. Let t be h(8). Suppose -t*p = -4*f + 165, -f - 2*p = f - 86. List the prime factors of f.
2, 3, 7
Suppose -h + 133 = 5*s, 3*h + 69 = 2*s + s. Suppose 2*x - 126 - s = 0. Suppose -w + 24 = 3*f, 5*w - f = 92 + x. What are the prime factors of w?
3, 11
Let u(b) = -3*b - 13. Let d be u(-6). Let s(r) = r**2 + d*r - 8 - 5*r - 3*r + 5*r. What are the prime factors of s(-7)?
3
Suppose 0 = 5*y - r - 2559, 5*y - 3*y = 4*r + 1020. What are the prime factors of y?
2
Suppose 20*a - 36540 = -9*a. List the prime factors of a.
2, 3, 5, 7
Suppose -5*m = 5*j - 105, -j + m + 2*m = -33. Let z = j + -19. Suppose s - 45 = -z. List the prime factors of s.
2, 5
Let q(y) = y**3 - 3*y**2 - 3*y + 5. Let w be q(4). Let b = w - 3. Suppose b + 15 = d. What are the prime factors of d?
3, 7
Let z be (-1)/(-2*1/(-226)). Suppose -11*t = -14*t - 225. Let i = t - z. What are the prime factors of i?
2, 19
Let h be 2 - (-2 + -1) - 3. Suppose -h*s + 6*s = 28. Let q = s + 16. List the prime factors of q.
23
Suppose -147 = -5*m + 98. Let o = -35 + m. List the prime factors of 290/o - 2/(-7).
3, 7
List the prime factors of ((-4)/(-6))/((-16)/(-13608)).
3, 7
Let l(d) = -d**2 - 11*d - 3. Let f(y) = y**2 + 6*y + 1. Let h(t) = 5*f(t) + 3*l(t). What are the prime factors of h(-4)?
2, 5
Let f = -16 + 10. What are the prime factors of (-31)/6*36/f?
31
Let u be 33/(-11)*(-68)/6. Let k = u + 5. What are the prime factors of k?
3, 13
Let t = -6 - -12. Suppose -t*s + 3*s + 114 = 0. Suppose 40 + s = 2*y. What are the prime factors of y?
3, 13
Let b(o) = -2*o**2 - 7*o - 1. Let l be b(-3). Suppose 8*s - 936 = l*s. What are the prime factors of s?
2, 3, 13
Suppose -h + 2*h = 0. Suppose -m + 5*k = -4 - 12, h = -2*m + 5*k + 52. Let r = m - 24. What are the prime factors of r?
2, 3
Let z(l) = l + 23. Let q be z(-16). Let f = q - 3. Let m(h) = 3*h**2 - 6*h + 1. What are the prime factors of m(f)?
5
Suppose -5*o - 19 = 6, 0 = 4*n + 5*o - 635. List the prime factors of n.
3, 5, 11
Let o(r) = -r**2 - 23*r + 70. Let u be (114/(-24))/((-4)/16*-1). What are the prime factors of o(u)?
2, 73
Let c(q) = -28*q + 82. What are the prime factors of c(-26)?
2, 3, 5
Let z(w) = 2*w**3 + 5*w**2 - 5*w - 4. Let f be z(-3). List the prime factors of (128/f)/4 - 3.
13
Let c(h) be the second derivative of -5*h**3/6 - 11*h**2/2 + 4*h. Let x be c(8). Let w = 98 + x. List the prime factors of w.
47
Let o(z) = -305*z + 140. List the prime factors of o(-5).
3, 5, 37
What are the prime factors of (-13)/(-130) + (-7295)/(-50)?
2, 73
Let o(i) = i**3 + 4*i**2 + 4*i - 8. Let l be o(-4). Let s = l + 27. Suppose 2*n = r + 7*n - 24, 96 = 4*r - s*n. List the prime factors of r.
2, 3
Let r = 6 - 5. Suppose v + 4 = -3*v, 4*v - r = 